 are the prime factors of g?
11
Let v = 6 - -2. Suppose 0 = -2*c + 4*p - 14, c - 5*p - 7 = -29. Suppose 3*k - z - v = 0, -5*k + 36 = c*z + z. What are the prime factors of k?
2
Suppose -5*h - 4*h + 1143 = 0. What are the prime factors of h?
127
Suppose 3*v - 3 - 3 = 0. Suppose 0 = -t + 4*f - v*f + 2, 0 = 5*f. What are the prime factors of t?
2
Suppose 6*m - 868 = 1052. What are the prime factors of m?
2, 5
Let m be 3/15*-14*10. What are the prime factors of m/14 - 1*-43?
41
Let x(n) be the third derivative of n**6/120 - 7*n**5/60 + n**4/12 - 3*n**3/2 + 2*n**2. What are the prime factors of x(7)?
5
Suppose 0 = -4*c - 0*c - 32. Let w = 11 + c. Suppose 0 = -3*o + 3*b + 15, 5*o - 20 = o - w*b. List the prime factors of o.
5
Let q = 2 - 0. Suppose 10 = -q*c + 32. List the prime factors of c.
11
Suppose -f = 2*t + 41, -3*f - 85 = 7*t - 3*t. Let o = t + 64. List the prime factors of o.
3, 5
Suppose -2*a - 14 = -4*y, 2*a + 2*y = 5*a + 1. Let i(d) = -2 - 5 + d + a. List the prime factors of i(6).
2
Let t = 16 - 13. Suppose -4*v - 14 = -2*c - v, 0 = -4*c - t*v + 64. List the prime factors of c.
13
Suppose 5*t + 0*r = -r + 52, 3*t = -2*r + 34. Let n = t + -8. What are the prime factors of n?
2
Let x(q) = q + 5. Let m(j) = -j**3 + j**2 + 3*j - 2. Let z be m(2). Suppose 3*l + z = 18. List the prime factors of x(l).
11
Suppose 0 = 2*t + t - 9. Suppose -u + 6 = t. List the prime factors of u.
3
Let o = -21 + 19. List the prime factors of ((-3)/o)/(3/32).
2
Suppose 2*c = -5*s - 18, -5*s - 13 = -5*c + 12. Suppose v - 8 = -3*g, -v - 3 = -3*g + c. List the prime factors of g.
2
Let x(o) = -o**3 - 9*o**2 - 9*o + 2. Let z be x(-8). Let k(q) be the first derivative of -q**3/3 + 6*q**2 - 5*q - 1. List the prime factors of k(z).
3, 5
Suppose -2*a + 3*v + 68 = 0, a - 22 = v + 12. Let n = 14 + -14. Suppose n = -4*i + 2*i + a. List the prime factors of i.
17
Suppose 4*m - 2*m = b + 16, 2*m - 2*b = 20. Let v be (4 + 2)*51/m. Suppose 3*s - v = 6. List the prime factors of s.
19
Suppose -5*c = -y + 12, 4*c - 5*y - 3 = -21. Let l = 0 + c. List the prime factors of (2 + 10)*l/(-6).
2
Suppose -2*j - 3*j + 155 = 0. What are the prime factors of j?
31
Let m = -10 + 26. Suppose -a = 4*g + 2*a - 94, 4*g - 92 = -4*a. Let u = g - m. What are the prime factors of u?
3
Suppose 0*m - 108 = -2*u - 3*m, 2*m = 5*u - 232. What are the prime factors of u?
2, 3
Suppose 7*n - 8 = 6*n. Suppose -3*l - 2*j = -l + 2, -3*l - 5*j + 7 = 0. Let r = n + l. List the prime factors of r.
2
Let s(d) = -d**3 + d**2 - d + 21. Let i = 23 - 23. What are the prime factors of s(i)?
3, 7
Let q(m) = m**3 - 2*m**2 - 9*m + 7. List the prime factors of q(5).
37
Suppose 4*y + t = 95, -y + 11 = -t - 3*t. Suppose -5*m + 17 = -y. Let b = m + -1. What are the prime factors of b?
7
Suppose 19 = 2*l + 5*g, 2*l + 4 = l + 2*g. Let r be 1/l - 17/(-2). Let b = 1 + r. List the prime factors of b.
2, 5
Suppose -b + 3 - 14 = 3*g, -3*b = 5*g + 21. Let o be -1 - (b + 1 + 2). List the prime factors of (2 - o)*(-9)/(-12).
3
Let y(c) be the third derivative of c**6/120 + c**5/15 + c**4/24 - c**3/2 + 2*c**2. Let z be y(-3). Suppose -z*a + 4*a = 5. List the prime factors of a.
5
List the prime factors of -1*2*81/(-6).
3
Let x(f) = -f**3 + 9*f**2 + 10*f + 9. Let c be x(10). Let t = 2 + c. List the prime factors of t.
11
Suppose -192 = -4*j + 8. What are the prime factors of j?
2, 5
Suppose 4*q - 5*z = q - 8, 2*q - 4*z + 8 = 0. Suppose q*j - 20 = -0. Suppose 0 = -j*k + 48 + 17. What are the prime factors of k?
13
Let d = -2 - 6. Let n = d + 11. What are the prime factors of n?
3
What are the prime factors of ((2 + -276)/(-2))/(9/9)?
137
List the prime factors of 10/(60/(-486))*(-1 + 0).
3
What are the prime factors of (2 - (-21)/(-6))*(0 + -54)?
3
Let a = -11 + 8. Let j be (-1)/((-1)/(-4)) + a. Let c(o) = -o + 2. What are the prime factors of c(j)?
3
Let n(w) = -2*w**3 + 20*w**2 - 6*w - 17. List the prime factors of n(9).
7, 13
Let p be (-22)/(-8) + 2/8. Suppose -4*i + 4 = 0, 0 = -k - p*i - 0*i + 11. List the prime factors of k.
2
Let b = -16 + 19. Suppose 2*y + 17 = r, r + b*y = -0*r + 22. List the prime factors of r.
19
Let k = 72 - -7. What are the prime factors of k?
79
Let i be (-26)/(-4) - 2/(-4). What are the prime factors of (12/i)/((-2)/(-14))?
2, 3
Let z = -8 - -11. Suppose 0 = -5*y - z - 17. What are the prime factors of (11/3)/(y/(-12))?
11
Let w be 1/1 + 510/3. Suppose w = 5*j + 16. List the prime factors of j.
31
Let f = -105 - -186. List the prime factors of f.
3
Let n = -7 - -25. What are the prime factors of n?
2, 3
Suppose -9*s = -s - 600. List the prime factors of s.
3, 5
Let i = 15 - 8. Let s(p) = -p**3 + 7*p**2 + 4*p - 4. Let n be s(i). Suppose -3*c - 5*g + 32 = 0, g + n = 2*c + 3*g. What are the prime factors of c?
2, 7
Let g(z) = 3*z - 15. Let b be g(11). Suppose -2*o = -0*o - b. List the prime factors of o.
3
Let k = -105 + 254. What are the prime factors of k?
149
What are the prime factors of (4/(-5))/((-18)/855)?
2, 19
Suppose -2*x + 25 = 3*x - 5*a, 4 = -2*a. Suppose -p = x*l - 0*p - 56, 5*l - 4*p = 82. What are the prime factors of l?
2, 3
Suppose 5*p - 265 = -3*b, 0 = -3*p + 5*b - 28 + 221. What are the prime factors of p?
2, 7
Let g(l) = 6*l**2 - l - 4. List the prime factors of g(-2).
2, 11
Let z(t) be the third derivative of t**4/24 + 4*t**3/3 + 4*t**2. What are the prime factors of z(-4)?
2
Suppose 2*c = -4*t + 6, 2*t - c = 16 - 7. Suppose -t*v + 21 = -4*m, 3 = 2*v - v. Let z = m + 15. What are the prime factors of z?
2, 3
Let s = 121 - 33. List the prime factors of s.
2, 11
Suppose 4 = -b - 2*y, -2*b - b - 5*y - 9 = 0. Let f(c) = 0 + c**b + 1 - 3. List the prime factors of f(3).
7
Let w be (1 + 2)*(-355)/15. Let m = -42 - w. What are the prime factors of m?
29
Let r be (4/6)/(8/60). Let q(z) = 2*z**2 - 5*z - 3. What are the prime factors of q(r)?
2, 11
Suppose 0 = 4*s + 4*k - 1152, -4*s + 3*s + 298 = -4*k. What are the prime factors of s?
2, 5, 29
Suppose -5*y = -15, -2*y - 1 = -5*j - 7. Suppose 5*d + 7*f - 3*f - 10 = 0, j = -5*d - 5*f + 5. List the prime factors of d.
2, 3
Suppose -4*z + 5*g = 2*g + 2, -z + 3*g = -4. What are the prime factors of z - -18 - (1 + 0)?
3, 5
Let b(h) = -3*h**3 - 13*h + h**3 - 4 - 7*h**2 + 5*h + h**3. List the prime factors of b(-6).
2
Let p be (74/8)/((-5)/(-20)). Let t = p - 19. What are the prime factors of t?
2, 3
Let q(i) = i**2 + 13*i + 8. Let z be q(-14). Let o(x) = -10*x - 2. Let p be o(-4). Let d = p - z. List the prime factors of d.
2
Let j be (-2 + 1)*(1 + -3). What are the prime factors of 488/12 - j/(-6)?
41
What are the prime factors of (63/12)/(3/16)?
2, 7
Suppose -o + 9 = 32. Let r be 1 + -15 - (-3)/3. Let p = r - o. What are the prime factors of p?
2, 5
List the prime factors of (456/36)/((-2)/(-51)).
17, 19
Suppose 12*m - 7*m + 180 = 0. Let h = m + 62. List the prime factors of h.
2, 13
Let d(i) = -53*i - 2. Let x be d(-2). What are the prime factors of (9/6)/(6/x)?
2, 13
Suppose 4*l - 272 = 3*c, -7 - 5 = 3*c. List the prime factors of l.
5, 13
Let h be (-15)/((-45)/12 - -3). Let n = -8 + h. What are the prime factors of n?
2, 3
Suppose -s - u = -4*s - 16, u = -s. Let k = 16 + s. What are the prime factors of 1 + k/(0 + 3)?
5
Suppose 2*q + 102 = -q. Let i = -19 - q. What are the prime factors of i?
3, 5
Let h = 5 - 9. Let a be 12/5 - h/(-10). Suppose -i - i = -a*w + 16, w + 4*i = 8. What are the prime factors of w?
2
Suppose 10*p + 5 = 5*p. Let d(c) = -9*c**2 + 2*c + 1. Let o be d(p). Let l = -7 - o. What are the prime factors of l?
3
Let l be (-6)/(-8)*(-4 - -16). Let z = 7 + l. Suppose 0*g = -g + z. What are the prime factors of g?
2
Let p(y) = 2*y**2 + 2*y + 2 - 1 + 3*y**2 - y**3 - 3. What are the prime factors of p(4)?
2, 11
Let m = -4 - -7. Let w(g) = -m + 2*g**2 + 3 - g. List the prime factors of w(-2).
2, 5
Suppose -o + 2 = -3. Suppose -2*n = 3*n + o*b + 230, 2*n + 108 = 2*b. List the prime factors of n/(-4) - 3/6.
2, 3
Suppose 3*n = -2*y + 19, y + 0 + 3 = n. Suppose n*z = 90 + 45. What are the prime factors of z?
3
Let n(c) = -178*c**3 - c**2. Let m be n(-1). Suppose 4*p = -29 + m. What are the prime factors of p?
37
What are the prime factors of 2/((3 + (-484)/164)/2)?
2, 41
Let d(o) = -2*o**3 - 2*o**2 - 5*o + 10. Let l be d(4). What are the pr